{"id":1897,"date":"2022-02-02T18:25:10","date_gmt":"2022-02-02T17:25:10","guid":{"rendered":"https:\/\/integra-netz.de\/verein\/irakisch-kurdischer-sport-und-kulturverein\/?page_id=1897"},"modified":"2022-02-03T22:07:11","modified_gmt":"2022-02-03T21:07:11","slug":"auszeichnung","status":"publish","type":"page","link":"https:\/\/integra-netz.de\/verein\/irakisch-kurdischer-sport-und-kulturverein\/auszeichnung\/","title":{"rendered":"Auszeichnung"},"content":{"rendered":"\n<p>Bundesverdienstkreuz f\u00fcr die 1. Vorsitzende des IKSK e.V., Roonak Aziz<\/p>\n\n\n\n<figure class=\"wp-block-image size-large is-resized\"><a href=\"https:\/\/integra-netz.de\/verein\/irakisch-kurdischer-sport-und-kulturverein\/wp-content\/uploads\/sites\/16\/2022\/02\/Foto-Roonak-Bundesverdienstkreuz.jpg\"><img loading=\"lazy\" decoding=\"async\" src=\"https:\/\/integra-netz.de\/verein\/irakisch-kurdischer-sport-und-kulturverein\/wp-content\/uploads\/sites\/16\/2022\/02\/Foto-Roonak-Bundesverdienstkreuz-768x1024.jpg\" alt=\"\" class=\"wp-image-1908\" width=\"349\" height=\"464\" srcset=\"https:\/\/integra-netz.de\/verein\/irakisch-kurdischer-sport-und-kulturverein\/wp-content\/uploads\/sites\/16\/2022\/02\/Foto-Roonak-Bundesverdienstkreuz-768x1024.jpg 768w, https:\/\/integra-netz.de\/verein\/irakisch-kurdischer-sport-und-kulturverein\/wp-content\/uploads\/sites\/16\/2022\/02\/Foto-Roonak-Bundesverdienstkreuz-225x300.jpg 225w, https:\/\/integra-netz.de\/verein\/irakisch-kurdischer-sport-und-kulturverein\/wp-content\/uploads\/sites\/16\/2022\/02\/Foto-Roonak-Bundesverdienstkreuz-1152x1536.jpg 1152w, https:\/\/integra-netz.de\/verein\/irakisch-kurdischer-sport-und-kulturverein\/wp-content\/uploads\/sites\/16\/2022\/02\/Foto-Roonak-Bundesverdienstkreuz.jpg 1500w\" sizes=\"auto, (max-width: 349px) 100vw, 349px\" \/><\/a><\/figure>\n\n\n\n<p>Hier die&nbsp;<strong>Pressemitteilung<\/strong>&nbsp;des Bundespr\u00e4sidialamtes:<\/p>\n\n\n\n<p>\u201cBundespr\u00e4sident Frank-Walter Steinmeier hat am 3. Dezember in Schloss Bellevue acht Frauen und sieben M\u00e4nner mit dem Verdienstorden der Bundesrepublik Deutschland ausgezeichnet. Unter dem Motto&nbsp;&#8222;Engagement in der Einwanderungsgesellschaft&#8220;&nbsp;w\u00fcrdigte er zum Tag des Ehrenamtes ihren herausragenden Einsatz f\u00fcr das Zusammenleben in Deutschland.<\/p>\n\n\n\n<p>Die 15 B\u00fcrgerinnen und B\u00fcrger wurden geehrt, weil sie sich in der Hilfe f\u00fcr Gefl\u00fcchtete, f\u00fcr die Integration von Zuwanderern, sowie durch ihren Einsatz f\u00fcr Frauenrechte, den interreligi\u00f6sen Dialog und bessere Bildungschancen verdient gemacht haben.[\u2026]<\/p>\n\n\n\n<p><strong>Roonak Aziz, Nordrhein-Westfalen<\/strong><br><strong><em>Verdienstkreuz am Bande<\/em><\/strong><\/p>\n\n\n\n<p>Vor 25 Jahren kam Roonak Aziz als Asylberechtigte nach Deutschland. Seither engagiert sie sich f\u00fcr ihre Mitmenschen, vor allem f\u00fcr Frauen, die von Gewalt betroffen sind. Sie begann ihren Einsatz im Caf\u00e9 International der evangelischen Kirchengemeinde und ist bis heute aktiv: etwa im Verein&nbsp;&#8222;Goldrute&#8220;, einem Migrantinnen-Netzwerk gegen h\u00e4usliche Gewalt, und in der Migrantinnen-Selbstorganisation&nbsp;&#8222;Irakisch-Kurdischer Sport- und Kulturverein&#8220;, dessen Vorsitzende sie seit 2011 ist. Sie setzt auf Integration durch Sport und ermutigt und erm\u00f6glicht durch Sportkurse f\u00fcr M\u00e4dchen und Frauen, dass diese ihre h\u00e4ufige h\u00e4usliche Isolation verlassen und sich vernetzen k\u00f6nnen. Auch kommunalpolitisch ist Roonak Aziz aktiv, so zum Beispiel im Integrationsrat der Stadt D\u00fcren und beim Runden Tisch gegen Gewalt an Frauen. Bei der Aufnahme von Gefl\u00fcchteten 2015\/16 half sie bei der Organisation in den Aufnahmeeinrichtungen und fungiert seitdem als Dolmetscherin.\u201c<\/p>\n\n\n\n<p>Die Vereinsleute vom&nbsp;<strong>IKSK e.V.<\/strong>, vom \u201c<strong>Dachverband Migrantenselbstorganisationen D\u00fcren e.V.&#8220;<\/strong>,&nbsp;und Winne Simon von der&nbsp;<strong>Integrationsagentu<\/strong>r (Evang. Gemeinde zu D\u00fcren) sind alle \u201emega \u2013 stolz\u201c auf&nbsp;<strong>Roonak<\/strong>!<\/p>\n\n\n\n<p>Ihr gilt der allerherzlichste Dank f\u00fcr ihren jahrzehntelangen unerm\u00fcdlichen Einsatz f\u00fcr unsere Einwanderer \u2013 Gesellschaft!<\/p>\n","protected":false},"excerpt":{"rendered":"<p>Bundesverdienstkreuz f\u00fcr die 1. Vorsitzende des IKSK e.V., Roonak Aziz Hier die&nbsp;Pressemitteilung&nbsp;des Bundespr\u00e4sidialamtes: \u201cBundespr\u00e4sident Frank-Walter Steinmeier hat am 3. Dezember in Schloss Bellevue acht Frauen und sieben M\u00e4nner mit dem Verdienstorden der Bundesrepublik Deutschland ausgezeichnet. Unter dem Motto&nbsp;&#8222;Engagement in der Einwanderungsgesellschaft&#8220;&nbsp;w\u00fcrdigte er zum Tag des Ehrenamtes ihren herausragenden Einsatz f\u00fcr das Zusammenleben in Deutschland. Die &hellip; <\/p>\n<p class=\"link-more\"><a href=\"https:\/\/integra-netz.de\/verein\/irakisch-kurdischer-sport-und-kulturverein\/auszeichnung\/\" class=\"more-link\"><span class=\"screen-reader-text\">\u201eAuszeichnung\u201c<\/span> weiterlesen<\/a><\/p>\n","protected":false},"author":35,"featured_media":0,"parent":0,"menu_order":0,"comment_status":"closed","ping_status":"closed","template":"","meta":{"footnotes":""},"class_list":["post-1897","page","type-page","status-publish","hentry"],"_links":{"self":[{"href":"https:\/\/integra-netz.de\/verein\/irakisch-kurdischer-sport-und-kulturverein\/wp-json\/wp\/v2\/pages\/1897","targetHints":{"allow":["GET"]}}],"collection":[{"href":"https:\/\/integra-netz.de\/verein\/irakisch-kurdischer-sport-und-kulturverein\/wp-json\/wp\/v2\/pages"}],"about":[{"href":"https:\/\/integra-netz.de\/verein\/irakisch-kurdischer-sport-und-kulturverein\/wp-json\/wp\/v2\/types\/page"}],"author":[{"embeddable":true,"href":"https:\/\/integra-netz.de\/verein\/irakisch-kurdischer-sport-und-kulturverein\/wp-json\/wp\/v2\/users\/35"}],"replies":[{"embeddable":true,"href":"https:\/\/integra-netz.de\/verein\/irakisch-kurdischer-sport-und-kulturverein\/wp-json\/wp\/v2\/comments?post=1897"}],"version-history":[{"count":8,"href":"https:\/\/integra-netz.de\/verein\/irakisch-kurdischer-sport-und-kulturverein\/wp-json\/wp\/v2\/pages\/1897\/revisions"}],"predecessor-version":[{"id":1926,"href":"https:\/\/integra-netz.de\/verein\/irakisch-kurdischer-sport-und-kulturverein\/wp-json\/wp\/v2\/pages\/1897\/revisions\/1926"}],"wp:attachment":[{"href":"https:\/\/integra-netz.de\/verein\/irakisch-kurdischer-sport-und-kulturverein\/wp-json\/wp\/v2\/media?parent=1897"}],"curies":[{"name":"wp","href":"https:\/\/api.w.org\/{rel}","templated":true}]}}

<p>Bundesverdienstkreuz für die 1. Vorsitzende des IKSK e.V., Roonak Aziz</p>



<figure class="wp-block-image size-large is-resized"><a href="https://integra-netz.de/verein/irakisch-kurdischer-sport-und-kulturverein/wp-content/uploads/sites/16/2022/02/Foto-Roonak-Bundesverdienstkreuz.jpg"><img loading="lazy" decoding="async" src="https://integra-netz.de/verein/irakisch-kurdischer-sport-und-kulturverein/wp-content/uploads/sites/16/2022/02/Foto-Roonak-Bundesverdienstkreuz-768x1024.jpg" alt="" class="wp-image-1908" width="349" height="464" srcset="https://integra-netz.de/verein/irakisch-kurdischer-sport-und-kulturverein/wp-content/uploads/sites/16/2022/02/Foto-Roonak-Bundesverdienstkreuz-768x1024.jpg 768w, https://integra-netz.de/verein/irakisch-kurdischer-sport-und-kulturverein/wp-content/uploads/sites/16/2022/02/Foto-Roonak-Bundesverdienstkreuz-225x300.jpg 225w, https://integra-netz.de/verein/irakisch-kurdischer-sport-und-kulturverein/wp-content/uploads/sites/16/2022/02/Foto-Roonak-Bundesverdienstkreuz-1152x1536.jpg 1152w, https://integra-netz.de/verein/irakisch-kurdischer-sport-und-kulturverein/wp-content/uploads/sites/16/2022/02/Foto-Roonak-Bundesverdienstkreuz.jpg 1500w" sizes="auto, (max-width: 349px) 100vw, 349px" /></a></figure>



<p>Hier die&nbsp;<strong>Pressemitteilung</strong>&nbsp;des Bundespräsidialamtes:</p>



<p>“Bundespräsident Frank-Walter Steinmeier hat am 3. Dezember in Schloss Bellevue acht Frauen und sieben Männer mit dem Verdienstorden der Bundesrepublik Deutschland ausgezeichnet. Unter dem Motto&nbsp;&#8222;Engagement in der Einwanderungsgesellschaft&#8220;&nbsp;würdigte er zum Tag des Ehrenamtes ihren herausragenden Einsatz für das Zusammenleben in Deutschland.</p>



<p>Die 15 Bürgerinnen und Bürger wurden geehrt, weil sie sich in der Hilfe für Geflüchtete, für die Integration von Zuwanderern, sowie durch ihren Einsatz für Frauenrechte, den interreligiösen Dialog und bessere Bildungschancen verdient gemacht haben.[…]</p>



<p><strong>Roonak Aziz, Nordrhein-Westfalen</strong><br><strong><em>Verdienstkreuz am Bande</em></strong></p>



<p>Vor 25 Jahren kam Roonak Aziz als Asylberechtigte nach Deutschland. Seither engagiert sie sich für ihre Mitmenschen, vor allem für Frauen, die von Gewalt betroffen sind. Sie begann ihren Einsatz im Café International der evangelischen Kirchengemeinde und ist bis heute aktiv: etwa im Verein&nbsp;&#8222;Goldrute&#8220;, einem Migrantinnen-Netzwerk gegen häusliche Gewalt, und in der Migrantinnen-Selbstorganisation&nbsp;&#8222;Irakisch-Kurdischer Sport- und Kulturverein&#8220;, dessen Vorsitzende sie seit 2011 ist. Sie setzt auf Integration durch Sport und ermutigt und ermöglicht durch Sportkurse für Mädchen und Frauen, dass diese ihre häufige häusliche Isolation verlassen und sich vernetzen können. Auch kommunalpolitisch ist Roonak Aziz aktiv, so zum Beispiel im Integrationsrat der Stadt Düren und beim Runden Tisch gegen Gewalt an Frauen. Bei der Aufnahme von Geflüchteten 2015/16 half sie bei der Organisation in den Aufnahmeeinrichtungen und fungiert seitdem als Dolmetscherin.“</p>



<p>Die Vereinsleute vom&nbsp;<strong>IKSK e.V.</strong>, vom “<strong>Dachverband Migrantenselbstorganisationen Düren e.V.&#8220;</strong>,&nbsp;und Winne Simon von der&nbsp;<strong>Integrationsagentu</strong>r (Evang. Gemeinde zu Düren) sind alle „mega – stolz“ auf&nbsp;<strong>Roonak</strong>!</p>



<p>Ihr gilt der allerherzlichste Dank für ihren jahrzehntelangen unermüdlichen Einsatz für unsere Einwanderer – Gesellschaft!</p>

<p>Bundesverdienstkreuz für die 1. Vorsitzende des IKSK e.V., Roonak Aziz Hier die&nbsp;Pressemitteilung&nbsp;des Bundespräsidialamtes: “Bundespräsident Frank-Walter Steinmeier hat am 3. Dezember in Schloss Bellevue acht Frauen und sieben Männer mit dem Verdienstorden der Bundesrepublik Deutschland ausgezeichnet. Unter dem Motto&nbsp;&#8222;Engagement in der Einwanderungsgesellschaft&#8220;&nbsp;würdigte er zum Tag des Ehrenamtes ihren herausragenden Einsatz für das Zusammenleben in Deutschland. Die &hellip; </p>
<p class="link-more"><a href="https://integra-netz.de/verein/irakisch-kurdischer-sport-und-kulturverein/auszeichnung/" class="more-link"><span class="screen-reader-text">„Auszeichnung“</span> weiterlesen</a></p>
