{"id":12,"date":"2014-04-07T15:44:56","date_gmt":"2014-04-07T13:44:56","guid":{"rendered":"http:\/\/integra-netz.de\/verein\/tuerkischer-eltern-sozial-und-kulturverein\/?page_id=12"},"modified":"2014-04-08T18:55:47","modified_gmt":"2014-04-08T16:55:47","slug":"aktivitaeten","status":"publish","type":"page","link":"http:\/\/integra-netz.de\/verein\/tuerkischer-eltern-sozial-und-kulturverein\/aktivitaeten\/","title":{"rendered":"Aktivit\u00e4ten"},"content":{"rendered":"<ul>\n<li>Hausaufgabenbetreuung<\/li>\n<li>Nachhilfekurse<\/li>\n<li>\u00dcbersetzung<\/li>\n<li>F\u00f6rderung der Integration<\/li>\n<li>Soziale Stadtentwicklung Nord-D\u00fcren<\/li>\n<\/ul>\n","protected":false},"excerpt":{"rendered":"<p>Hausaufgabenbetreuung Nachhilfekurse \u00dcbersetzung F\u00f6rderung der Integration Soziale Stadtentwicklung Nord-D\u00fcren<\/p>\n","protected":false},"author":1,"featured_media":0,"parent":0,"menu_order":0,"comment_status":"closed","ping_status":"closed","template":"","meta":{"footnotes":""},"class_list":["post-12","page","type-page","status-publish","hentry"],"_links":{"self":[{"href":"http:\/\/integra-netz.de\/verein\/tuerkischer-eltern-sozial-und-kulturverein\/wp-json\/wp\/v2\/pages\/12","targetHints":{"allow":["GET"]}}],"collection":[{"href":"http:\/\/integra-netz.de\/verein\/tuerkischer-eltern-sozial-und-kulturverein\/wp-json\/wp\/v2\/pages"}],"about":[{"href":"http:\/\/integra-netz.de\/verein\/tuerkischer-eltern-sozial-und-kulturverein\/wp-json\/wp\/v2\/types\/page"}],"author":[{"embeddable":true,"href":"http:\/\/integra-netz.de\/verein\/tuerkischer-eltern-sozial-und-kulturverein\/wp-json\/wp\/v2\/users\/1"}],"replies":[{"embeddable":true,"href":"http:\/\/integra-netz.de\/verein\/tuerkischer-eltern-sozial-und-kulturverein\/wp-json\/wp\/v2\/comments?post=12"}],"version-history":[{"count":3,"href":"http:\/\/integra-netz.de\/verein\/tuerkischer-eltern-sozial-und-kulturverein\/wp-json\/wp\/v2\/pages\/12\/revisions"}],"predecessor-version":[{"id":35,"href":"http:\/\/integra-netz.de\/verein\/tuerkischer-eltern-sozial-und-kulturverein\/wp-json\/wp\/v2\/pages\/12\/revisions\/35"}],"wp:attachment":[{"href":"http:\/\/integra-netz.de\/verein\/tuerkischer-eltern-sozial-und-kulturverein\/wp-json\/wp\/v2\/media?parent=12"}],"curies":[{"name":"wp","href":"https:\/\/api.w.org\/{rel}","templated":true}]}}