{"id":12,"date":"2014-04-07T15:44:56","date_gmt":"2014-04-07T13:44:56","guid":{"rendered":"http:\/\/integra-netz.de\/verein\/oezdangallanordkaukasischerkulturundfreundschaftsverein\/?page_id=12"},"modified":"2018-03-01T16:08:00","modified_gmt":"2018-03-01T15:08:00","slug":"aktivitaeten","status":"publish","type":"page","link":"http:\/\/integra-netz.de\/verein\/oezdangallanordkaukasischerkulturundfreundschaftsverein\/aktivitaeten\/","title":{"rendered":"Aktivit\u00e4ten"},"content":{"rendered":"<p style=\"text-align: justify;\"><a href=\"http:\/\/integra-netz.de\/verein\/oezdangallanordkaukasischerkulturundfreundschaftsverein\/wp-content\/uploads\/sites\/35\/2017\/07\/Unbenannt.png\"><img loading=\"lazy\" decoding=\"async\" class=\"alignnone size-full wp-image-127\" src=\"http:\/\/integra-netz.de\/verein\/oezdangallanordkaukasischerkulturundfreundschaftsverein\/wp-content\/uploads\/sites\/35\/2017\/07\/Unbenannt.png\" alt=\"\" width=\"131\" height=\"134\" \/><\/a><\/p>\n<p style=\"text-align: justify;\">Ab September 2017 trifft sich der Verein regelm\u00e4\u00dfig sonntags (13.30 \u2013 16.30 Uhr im Caf\u00e9 International der Evang. Gemeinde zu D\u00fcren (Wilhelm \u2013 Wester Weg 1, 52349 D\u00fcren).<\/p>\n<p style=\"text-align: justify;\">Ein Schwerpunkt unseres Engagements \u00a0ist der Einbezug unserer j\u00fcngeren Vereinsmit-glieder bzw. von Familien mit Kindern in die Kulturarbeit des Vereins: Die Vereinsmitglieder, die schon geraume Zeit in Deutschland leben, haben sich in vieler Hinsicht l\u00e4ngst vom Herkunftsland Tschetschenien gel\u00f6st; dennoch f\u00fchlen sie sich immer noch verbunden mit ihrer kulturellen Tradition, die sie einerseits weitergeben m\u00f6chten an die Neuzugewanderten, andererseits auch einbringen wollen in die deutsche Aufnahmegesellschaft.<\/p>\n<p style=\"text-align: justify;\">Die spezifische kulturellen Eigenheiten und Traditionen, die \u00a0Identit\u00e4t m\u00f6chten sie bewahren.<\/p>\n<ul>\n<li>Sprachunterricht Deutsch in Wort und Schrift<\/li>\n<li>Herkunftssprache Tschetschenisch und Russisch in Wort und Schrift<\/li>\n<li>Projekt \u201cEthik\u201c: Regeln des Verhaltens in der Gesellschaft, Erkennen und Aufzeigen von Unterschieden zwischen den Kulturen.<\/li>\n<\/ul>\n<p><b>Zweck des Vereins<\/b>:<\/p>\n<p style=\"text-align: justify;\">Der Zweck des Vereins ist die F\u00f6rderung internationaler Gesinnung, der Toleranz auf allen Gebieten der Kultur und des V\u00f6lkerverst\u00e4ndigungsgedankens, der F\u00f6rderung der Erziehung und der F\u00f6rderung der Hilfe f\u00fcr Fl\u00fcchtlinge, Kriegsopfer und Vertriebene.<\/p>\n<p style=\"text-align: justify;\">Der Satzungszweck wird verwirklicht insbesondere durch:<\/p>\n<p style=\"text-align: justify;\">F\u00f6rderung des Ideenaustausches zwischen Gruppen, Organisationen und anderen Vereinen: Einbettung des Vereins in vorhandene Netzwerke in Stadt und Kreis D\u00fcren. Hierzu Kooperation mit der Integrationsagentur der Evang. Gemeinde zu D\u00fcren und der Gesellschaft f\u00fcr Migrationsschutz e.V<\/p>\n<p style=\"text-align: justify;\">F\u00f6rderung der Integration der im Kreis D\u00fcren lebenden aus dem Nordkaukasus stammenden Familien, insbesondere der Frauen, um ihnen aus gesellschaftlicher Isolierung herauszuhelfen. Die Vereinsangebote stehen auch anderen Ethnien offen.<\/p>\n<p style=\"text-align: justify;\">Spezielle Sportangebote f\u00fcr Frauen und Kinder<\/p>\n<p style=\"text-align: justify;\">Rat- und Hilfestellung f\u00fcr die Familienangeh\u00f6rigen bei Beh\u00f6rdeng\u00e4ngen,<\/p>\n<p style=\"text-align: justify;\">Arztbesuchen, Krankenhausaufenthalten.<\/p>\n<p style=\"text-align: justify;\">Unterst\u00fctzung von Personen mit geringen Deutschkenntnissen, insbesondere mittels Dolmetschen und \u00dcbersetzungshilfen.<\/p>\n<p style=\"text-align: justify;\">Hilfestellung beim Zugang zum Internet.<\/p>\n<p style=\"text-align: justify;\">Unterst\u00fctzung der Kinder und Jugendlichen und Familien bei schulischen und beruflichen Problemen und in Notsituationen.<\/p>\n<p style=\"text-align: justify;\">Sprachkurse f\u00fcr Deutsch, Tchetschenisch (nordkaukasische Sprachgruppen) und Russisch.<\/p>\n<p style=\"text-align: justify;\">Orientierungsangebote f\u00fcr Neuzugewanderte, z.B. Asylbewerber aus dem Nordkaukasus.<\/p>\n<p style=\"text-align: justify;\">Heranf\u00fchren an die Herkunftskultur und St\u00e4rkung der Bindung an die Herkunftsregion (Nordkaukasus) mittels der Organisation von kulturellen, landeskundlichen Treffen.<\/p>\n<p style=\"text-align: justify;\">Unterst\u00fctzung von Fl\u00fcchtlingen, Kriegsopfern und Vertriebenen durch vom Verein eingeworbene Spenden. Die Spenden werden auf das Vereinskonto eingezahlt und sind ausschlie\u00dflich f\u00fcr den benannten Spendenzweck einzusetzen.<\/p>\n<p>&nbsp;<\/p>\n","protected":false},"excerpt":{"rendered":"<p>Ab September 2017 trifft sich der Verein regelm\u00e4\u00dfig sonntags (13.30 \u2013 16.30 Uhr im Caf\u00e9 International der Evang. Gemeinde zu D\u00fcren (Wilhelm \u2013 Wester Weg 1, 52349 D\u00fcren). Ein Schwerpunkt unseres Engagements \u00a0ist der Einbezug unserer j\u00fcngeren Vereinsmit-glieder bzw. von Familien mit Kindern in die Kulturarbeit des Vereins: Die Vereinsmitglieder, die schon geraume Zeit in &hellip; <\/p>\n<p class=\"link-more\"><a href=\"http:\/\/integra-netz.de\/verein\/oezdangallanordkaukasischerkulturundfreundschaftsverein\/aktivitaeten\/\" class=\"more-link\"><span class=\"screen-reader-text\">\u201eAktivit\u00e4ten\u201c<\/span> weiterlesen<\/a><\/p>\n","protected":false},"author":1,"featured_media":0,"parent":0,"menu_order":0,"comment_status":"closed","ping_status":"closed","template":"","meta":{"footnotes":""},"class_list":["post-12","page","type-page","status-publish","hentry"],"_links":{"self":[{"href":"http:\/\/integra-netz.de\/verein\/oezdangallanordkaukasischerkulturundfreundschaftsverein\/wp-json\/wp\/v2\/pages\/12","targetHints":{"allow":["GET"]}}],"collection":[{"href":"http:\/\/integra-netz.de\/verein\/oezdangallanordkaukasischerkulturundfreundschaftsverein\/wp-json\/wp\/v2\/pages"}],"about":[{"href":"http:\/\/integra-netz.de\/verein\/oezdangallanordkaukasischerkulturundfreundschaftsverein\/wp-json\/wp\/v2\/types\/page"}],"author":[{"embeddable":true,"href":"http:\/\/integra-netz.de\/verein\/oezdangallanordkaukasischerkulturundfreundschaftsverein\/wp-json\/wp\/v2\/users\/1"}],"replies":[{"embeddable":true,"href":"http:\/\/integra-netz.de\/verein\/oezdangallanordkaukasischerkulturundfreundschaftsverein\/wp-json\/wp\/v2\/comments?post=12"}],"version-history":[{"count":25,"href":"http:\/\/integra-netz.de\/verein\/oezdangallanordkaukasischerkulturundfreundschaftsverein\/wp-json\/wp\/v2\/pages\/12\/revisions"}],"predecessor-version":[{"id":153,"href":"http:\/\/integra-netz.de\/verein\/oezdangallanordkaukasischerkulturundfreundschaftsverein\/wp-json\/wp\/v2\/pages\/12\/revisions\/153"}],"wp:attachment":[{"href":"http:\/\/integra-netz.de\/verein\/oezdangallanordkaukasischerkulturundfreundschaftsverein\/wp-json\/wp\/v2\/media?parent=12"}],"curies":[{"name":"wp","href":"https:\/\/api.w.org\/{rel}","templated":true}]}}