{"id":103,"date":"2020-06-27T16:11:12","date_gmt":"2020-06-27T14:11:12","guid":{"rendered":"http:\/\/integra-netz.de\/verein\/kurdischsyrischerhilfsvereinfuerfluechtlingeev\/?page_id=103"},"modified":"2020-06-27T16:14:56","modified_gmt":"2020-06-27T14:14:56","slug":"gruendungsverein-im-dachverband-mso-dueren-e-v","status":"publish","type":"page","link":"http:\/\/integra-netz.de\/verein\/kurdischsyrischerhilfsvereinfuerfluechtlingeev\/gruendungsverein-im-dachverband-mso-dueren-e-v\/","title":{"rendered":"Gr\u00fcndungsverein im &#8222;Dachverband MSO D\u00fcren e.V.&#8220;"},"content":{"rendered":"<p>Unsere MSO ist Gr\u00fcndungsmitglied des &#8222;Dachverband Migrantenselbstorganisationen D\u00fcren e.V.&#8220;&nbsp; (vgl. Liste der MSO)<\/p>\n<p>Im April wurde der Vereinssitz in der Innenstadt D\u00fcren neu bezogen. Hier setzen wir nun einen Teil unserer Projekte um (s.u.)<\/p>\n<pre><strong>Adresse:<\/strong> Josef - Schregelstr. 38 \n52349 D\u00fcren \n<strong>Gr\u00fcndungsdatum<\/strong>: 22.12.2017<\/pre>\n","protected":false},"excerpt":{"rendered":"<p>Unsere MSO ist Gr\u00fcndungsmitglied des &#8222;Dachverband Migrantenselbstorganisationen D\u00fcren e.V.&#8220;&nbsp; (vgl. Liste der MSO) Im April wurde der Vereinssitz in der Innenstadt D\u00fcren neu bezogen. Hier setzen wir nun einen Teil unserer Projekte um (s.u.) Adresse: Josef &#8211; Schregelstr. 38 52349 D\u00fcren Gr\u00fcndungsdatum: 22.12.2017<\/p>\n","protected":false},"author":35,"featured_media":0,"parent":0,"menu_order":0,"comment_status":"closed","ping_status":"closed","template":"","meta":{"footnotes":""},"class_list":["post-103","page","type-page","status-publish","hentry"],"_links":{"self":[{"href":"http:\/\/integra-netz.de\/verein\/kurdischsyrischerhilfsvereinfuerfluechtlingeev\/wp-json\/wp\/v2\/pages\/103","targetHints":{"allow":["GET"]}}],"collection":[{"href":"http:\/\/integra-netz.de\/verein\/kurdischsyrischerhilfsvereinfuerfluechtlingeev\/wp-json\/wp\/v2\/pages"}],"about":[{"href":"http:\/\/integra-netz.de\/verein\/kurdischsyrischerhilfsvereinfuerfluechtlingeev\/wp-json\/wp\/v2\/types\/page"}],"author":[{"embeddable":true,"href":"http:\/\/integra-netz.de\/verein\/kurdischsyrischerhilfsvereinfuerfluechtlingeev\/wp-json\/wp\/v2\/users\/35"}],"replies":[{"embeddable":true,"href":"http:\/\/integra-netz.de\/verein\/kurdischsyrischerhilfsvereinfuerfluechtlingeev\/wp-json\/wp\/v2\/comments?post=103"}],"version-history":[{"count":3,"href":"http:\/\/integra-netz.de\/verein\/kurdischsyrischerhilfsvereinfuerfluechtlingeev\/wp-json\/wp\/v2\/pages\/103\/revisions"}],"predecessor-version":[{"id":174,"href":"http:\/\/integra-netz.de\/verein\/kurdischsyrischerhilfsvereinfuerfluechtlingeev\/wp-json\/wp\/v2\/pages\/103\/revisions\/174"}],"wp:attachment":[{"href":"http:\/\/integra-netz.de\/verein\/kurdischsyrischerhilfsvereinfuerfluechtlingeev\/wp-json\/wp\/v2\/media?parent=103"}],"curies":[{"name":"wp","href":"https:\/\/api.w.org\/{rel}","templated":true}]}}