{"id":57,"date":"2017-05-03T14:45:21","date_gmt":"2017-05-03T12:45:21","guid":{"rendered":"http:\/\/integra-netz.de\/verein\/kulturohnegrenzen\/?page_id=57"},"modified":"2017-05-03T14:45:54","modified_gmt":"2017-05-03T12:45:54","slug":"zukunft","status":"publish","type":"page","link":"http:\/\/integra-netz.de\/verein\/kulturohnegrenzen\/zukunft\/","title":{"rendered":"Zukunft"},"content":{"rendered":"<p>Politisch und gesellschaftlich gesehen, w\u00fcrde sich der Verein nat\u00fcrlich w\u00fcnschen, immer weniger Hilfe leisten zu m\u00fcssen, aber in Anbetracht der aktuellen Fl\u00fcchtlingssituation ist eher vom Gegenteil auszugehen. Der Verein m\u00f6chte noch st\u00e4rker in der Gesellschaft verankern, Fl\u00fcchtlinge nicht nur als Fl\u00fcchtlinge, sondern als Menschen mit besonderen F\u00e4higkeiten zu sehen. <em>Kultur ohne Grenzen<\/em> hat sich gerade an der Solidarit\u00e4tsaktion \u201eEin Boot gegen den Tod\u201c beteiligt.<\/p>\n<p>Das Internet ist eine wichtige Pr\u00e4sentationsplattform, um als K\u00fcnstler_innen wahrgenom-men zu werden. Audio- und Videoaufnahmen sind die Visitenkarte von Musiker_innen. Dank der Aktivit\u00e4ten zum 15-j\u00e4hrigen Bestehen des Vereins konnte ein kleiner \u00dcberschuss \u201eerwirtschaftet\u201c werden. Dieser soll darauf verwendet werden, f\u00fcr alle K\u00fcnstler, die keine (Demo-)CD haben, Audio- und Videoaufnahmen herstellen zu lassen. Diese k\u00f6nnen dann z.B. bei YouTube und anderen relevanten Musikportalen hochgeladen werden. Vereinzelt soll der Aufbau einer Internetseite unterst\u00fctzt werden.<\/p>\n<p>Geplant ist auch ein Projekt \u00fcber die Kurden (Politik, Geschichte, Literatur, Musik, bildende Kunst) mit der Volkshochschule J\u00fclicher Land und der Stadtb\u00fccherei J\u00fclich. Projektf\u00f6rderung ist bei der Deutschen Gesellschaft f\u00fcr Internationale Zusammenarbeit (GIZ) beantragt.<\/p>\n","protected":false},"excerpt":{"rendered":"<p>Politisch und gesellschaftlich gesehen, w\u00fcrde sich der Verein nat\u00fcrlich w\u00fcnschen, immer weniger Hilfe leisten zu m\u00fcssen, aber in Anbetracht der aktuellen Fl\u00fcchtlingssituation ist eher vom Gegenteil auszugehen. Der Verein m\u00f6chte noch st\u00e4rker in der Gesellschaft verankern, Fl\u00fcchtlinge nicht nur als Fl\u00fcchtlinge, sondern als Menschen mit besonderen F\u00e4higkeiten zu sehen. Kultur ohne Grenzen hat sich gerade &hellip; <\/p>\n<p class=\"link-more\"><a href=\"http:\/\/integra-netz.de\/verein\/kulturohnegrenzen\/zukunft\/\" class=\"more-link\"><span class=\"screen-reader-text\">\u201eZukunft\u201c<\/span> weiterlesen<\/a><\/p>\n","protected":false},"author":1,"featured_media":0,"parent":0,"menu_order":0,"comment_status":"closed","ping_status":"closed","template":"","meta":{"footnotes":""},"class_list":["post-57","page","type-page","status-publish","hentry"],"_links":{"self":[{"href":"http:\/\/integra-netz.de\/verein\/kulturohnegrenzen\/wp-json\/wp\/v2\/pages\/57","targetHints":{"allow":["GET"]}}],"collection":[{"href":"http:\/\/integra-netz.de\/verein\/kulturohnegrenzen\/wp-json\/wp\/v2\/pages"}],"about":[{"href":"http:\/\/integra-netz.de\/verein\/kulturohnegrenzen\/wp-json\/wp\/v2\/types\/page"}],"author":[{"embeddable":true,"href":"http:\/\/integra-netz.de\/verein\/kulturohnegrenzen\/wp-json\/wp\/v2\/users\/1"}],"replies":[{"embeddable":true,"href":"http:\/\/integra-netz.de\/verein\/kulturohnegrenzen\/wp-json\/wp\/v2\/comments?post=57"}],"version-history":[{"count":1,"href":"http:\/\/integra-netz.de\/verein\/kulturohnegrenzen\/wp-json\/wp\/v2\/pages\/57\/revisions"}],"predecessor-version":[{"id":58,"href":"http:\/\/integra-netz.de\/verein\/kulturohnegrenzen\/wp-json\/wp\/v2\/pages\/57\/revisions\/58"}],"wp:attachment":[{"href":"http:\/\/integra-netz.de\/verein\/kulturohnegrenzen\/wp-json\/wp\/v2\/media?parent=57"}],"curies":[{"name":"wp","href":"https:\/\/api.w.org\/{rel}","templated":true}]}}