{"id":51,"date":"2017-05-03T14:36:16","date_gmt":"2017-05-03T12:36:16","guid":{"rendered":"http:\/\/integra-netz.de\/verein\/kulturohnegrenzen\/?page_id=51"},"modified":"2017-05-03T14:36:16","modified_gmt":"2017-05-03T12:36:16","slug":"geschichte","status":"publish","type":"page","link":"http:\/\/integra-netz.de\/verein\/kulturohnegrenzen\/geschichte\/","title":{"rendered":"Geschichte"},"content":{"rendered":"<p>Alles begann mit einer Begegnung: 1993 lernte Marijke Barkhoff-Freeling zuf\u00e4llig ein chinesisches K\u00fcnstlerehepaar kennen: Er spielte die Erhu, ein zweisaitiges Streichinstrument, sie war T\u00e4nzerin. Beide kamen vom Nationaltheater Peking \u2013 sind also hochkar\u00e4tige Kunstschaffende \u2013 die aus ihrer Heimat fliehen mussten. Nun im Exil konnten sie weder an ihre Karriere ankn\u00fcpfen noch einfach Arbeit finden. Einen weiteren Impuls gab ein Festival in Amsterdam. Dort erkannte Marijke Barkhoff-Freeling, wie viele exilierte Musiker_innen aus aller Welt in Deutschland bzw. Europa leben, die alle dasselbe Problem haben. Im Laufe der Jahre baten zudem Schriftsteller_innen und bildende K\u00fcnstler_innen um Unterst\u00fctzung. Die Arbeit war allein nicht mehr zu stemmen. Aus der Privatinitiative entstand der Verein <em>Kultur ohne Grenzen e.V.<\/em> 2014 feierte <em>Kultur ohne Grenzen<\/em> sein 15-j\u00e4hriges Bestehen.<\/p>\n<p>Heute vermittelt der Verein Kunstschaffenden aus 20 Nationen. \u00dcber 150-mal konnten K\u00fcnstler_innen bisher vermitteln, \u00fcber 120 Veranstaltungen organisiert werden. Vor Ort richtet <em>Kultur ohne Grenzen<\/em> im Durchschnitt ein bis zwei Veranstaltungen pro Monat aus, oft zusammen mit lokalen Partnern.<\/p>\n<p>&nbsp;<\/p>\n","protected":false},"excerpt":{"rendered":"<p>Alles begann mit einer Begegnung: 1993 lernte Marijke Barkhoff-Freeling zuf\u00e4llig ein chinesisches K\u00fcnstlerehepaar kennen: Er spielte die Erhu, ein zweisaitiges Streichinstrument, sie war T\u00e4nzerin. Beide kamen vom Nationaltheater Peking \u2013 sind also hochkar\u00e4tige Kunstschaffende \u2013 die aus ihrer Heimat fliehen mussten. Nun im Exil konnten sie weder an ihre Karriere ankn\u00fcpfen noch einfach Arbeit finden. &hellip; <\/p>\n<p class=\"link-more\"><a href=\"http:\/\/integra-netz.de\/verein\/kulturohnegrenzen\/geschichte\/\" class=\"more-link\"><span class=\"screen-reader-text\">\u201eGeschichte\u201c<\/span> weiterlesen<\/a><\/p>\n","protected":false},"author":1,"featured_media":0,"parent":0,"menu_order":0,"comment_status":"closed","ping_status":"closed","template":"","meta":{"footnotes":""},"class_list":["post-51","page","type-page","status-publish","hentry"],"_links":{"self":[{"href":"http:\/\/integra-netz.de\/verein\/kulturohnegrenzen\/wp-json\/wp\/v2\/pages\/51","targetHints":{"allow":["GET"]}}],"collection":[{"href":"http:\/\/integra-netz.de\/verein\/kulturohnegrenzen\/wp-json\/wp\/v2\/pages"}],"about":[{"href":"http:\/\/integra-netz.de\/verein\/kulturohnegrenzen\/wp-json\/wp\/v2\/types\/page"}],"author":[{"embeddable":true,"href":"http:\/\/integra-netz.de\/verein\/kulturohnegrenzen\/wp-json\/wp\/v2\/users\/1"}],"replies":[{"embeddable":true,"href":"http:\/\/integra-netz.de\/verein\/kulturohnegrenzen\/wp-json\/wp\/v2\/comments?post=51"}],"version-history":[{"count":1,"href":"http:\/\/integra-netz.de\/verein\/kulturohnegrenzen\/wp-json\/wp\/v2\/pages\/51\/revisions"}],"predecessor-version":[{"id":52,"href":"http:\/\/integra-netz.de\/verein\/kulturohnegrenzen\/wp-json\/wp\/v2\/pages\/51\/revisions\/52"}],"wp:attachment":[{"href":"http:\/\/integra-netz.de\/verein\/kulturohnegrenzen\/wp-json\/wp\/v2\/media?parent=51"}],"curies":[{"name":"wp","href":"https:\/\/api.w.org\/{rel}","templated":true}]}}