{"id":12,"date":"2014-04-07T15:44:56","date_gmt":"2014-04-07T13:44:56","guid":{"rendered":"http:\/\/integra-netz.de\/verein\/kavoetcha-zusammenbleibenev\/?page_id=12"},"modified":"2019-10-23T13:00:00","modified_gmt":"2019-10-23T11:00:00","slug":"aktivitaeten","status":"publish","type":"page","link":"http:\/\/integra-netz.de\/verein\/kavoetcha-zusammenbleibenev\/aktivitaeten\/","title":{"rendered":"Aktivit\u00e4ten"},"content":{"rendered":"<p><b>Zweck des Vereins<\/b>:<\/p>\n<ul>\n<li>Heranf\u00fchren an die Kulturangebote der Stadt D\u00fcren, begleitet durch die Bewusstmachung der eigenen Kultur und ihrer Pr\u00e4sentation in der \u00d6ffentlichkeit: Organisation von Kulturfesten und landeskundlichen Veranstaltungen, Umsetzung kultureller Aktivit\u00e4ten im Bereich Theater, Film, Tanz, Literatur\/Dichtung, workshops, Shows, wozu auch K\u00fcnstler verschiedener Herkunft eingeladen werden.<\/li>\n<li>Organisation von Konferenzen zu verschiedenen Themen: Integration afrikanischer Familien in die hiesige Gesellschaft, Austausch von Kultur und Lebensstilen aus Afrika und Europa.<\/li>\n<li>F\u00f6rderung des Ideenaustausches zwischen Gruppen, Organisationen und anderen Vereinen: Einbettung des Vereins in vorhandene Netzwerke in Stadt und Kreis D\u00fcren.<\/li>\n<li>Die Arbeit wird begleitet von der Integrationsagentur (Caf\u00e9 International der Evang. Gemeinde zu D\u00fcren). Pr\u00e4sentation des Vereins auf der Website \u201cDie Welt zu Hause im Kreis D\u00fcren\u201c (<a href=\"http:\/\/www.integra-netz.de\">integra-netz.de<\/a>).<\/li>\n<\/ul>\n","protected":false},"excerpt":{"rendered":"<p>Zweck des Vereins: Heranf\u00fchren an die Kulturangebote der Stadt D\u00fcren, begleitet durch die Bewusstmachung der eigenen Kultur und ihrer Pr\u00e4sentation in der \u00d6ffentlichkeit: Organisation von Kulturfesten und landeskundlichen Veranstaltungen, Umsetzung kultureller Aktivit\u00e4ten im Bereich Theater, Film, Tanz, Literatur\/Dichtung, workshops, Shows, wozu auch K\u00fcnstler verschiedener Herkunft eingeladen werden. Organisation von Konferenzen zu verschiedenen Themen: Integration afrikanischer &hellip; <\/p>\n<p class=\"link-more\"><a href=\"http:\/\/integra-netz.de\/verein\/kavoetcha-zusammenbleibenev\/aktivitaeten\/\" class=\"more-link\"><span class=\"screen-reader-text\">\u201eAktivit\u00e4ten\u201c<\/span> weiterlesen<\/a><\/p>\n","protected":false},"author":1,"featured_media":0,"parent":0,"menu_order":0,"comment_status":"closed","ping_status":"closed","template":"","meta":{"footnotes":""},"class_list":["post-12","page","type-page","status-publish","hentry"],"_links":{"self":[{"href":"http:\/\/integra-netz.de\/verein\/kavoetcha-zusammenbleibenev\/wp-json\/wp\/v2\/pages\/12","targetHints":{"allow":["GET"]}}],"collection":[{"href":"http:\/\/integra-netz.de\/verein\/kavoetcha-zusammenbleibenev\/wp-json\/wp\/v2\/pages"}],"about":[{"href":"http:\/\/integra-netz.de\/verein\/kavoetcha-zusammenbleibenev\/wp-json\/wp\/v2\/types\/page"}],"author":[{"embeddable":true,"href":"http:\/\/integra-netz.de\/verein\/kavoetcha-zusammenbleibenev\/wp-json\/wp\/v2\/users\/1"}],"replies":[{"embeddable":true,"href":"http:\/\/integra-netz.de\/verein\/kavoetcha-zusammenbleibenev\/wp-json\/wp\/v2\/comments?post=12"}],"version-history":[{"count":6,"href":"http:\/\/integra-netz.de\/verein\/kavoetcha-zusammenbleibenev\/wp-json\/wp\/v2\/pages\/12\/revisions"}],"predecessor-version":[{"id":59,"href":"http:\/\/integra-netz.de\/verein\/kavoetcha-zusammenbleibenev\/wp-json\/wp\/v2\/pages\/12\/revisions\/59"}],"wp:attachment":[{"href":"http:\/\/integra-netz.de\/verein\/kavoetcha-zusammenbleibenev\/wp-json\/wp\/v2\/media?parent=12"}],"curies":[{"name":"wp","href":"https:\/\/api.w.org\/{rel}","templated":true}]}}