{"id":131,"date":"2017-05-12T12:21:57","date_gmt":"2017-05-12T10:21:57","guid":{"rendered":"http:\/\/integra-netz.de\/verein\/irakisch-kurdischer-sport-und-kulturverein\/?page_id=131"},"modified":"2021-02-12T18:55:33","modified_gmt":"2021-02-12T17:55:33","slug":"geschichte","status":"publish","type":"page","link":"http:\/\/integra-netz.de\/verein\/irakisch-kurdischer-sport-und-kulturverein\/geschichte\/","title":{"rendered":"Geschichte"},"content":{"rendered":"<p style=\"text-align: justify;\">Unser Verein hat seit seiner Gr\u00fcndung am <strong>28.01.2007<\/strong> eine Vielzahl von Projekten durchgef\u00fchrt. Kooperationspartner waren die Integrationsagentur der\u00a0 Evang. Gemeinde zu D\u00fcren (Winfried Simon, Tel. 02421 -188 184)\/ die ehemalige \u00a0Integrationsbeauftragte des Kreises Duren (Sybille Hau\u00dfmann, Tel 02421\/221433\/heute Kommunales Integrationszentrum KI) und der skf\/JMD Duren (Gaby Uerlichs, Tel.: 02421 \u2014 28430).<\/p>\n<p style=\"text-align: justify;\">Im Rahmen des Komm-In Projektes 2008 nahmen wir gemeinsam mit\u00a0 4 anderen ausgew\u00e4hlten MSO an etlichen Integrationsprojekten und Schulungen teil:<\/p>\n<p style=\"text-align: justify;\">Finanzielle F\u00f6rderung und Spenden\/\u00d6ffentlichkeitsarbeit\/Kooperation mit der Lokalpresse\/Effektives Lernen &#8211; F\u00f6rderung einer gelingenden Zweisprachig-keit\/Vereinsmanagement\/Vereinsrecht\/Partnersuche f\u00fcr Vereine<\/p>\n<p style=\"text-align: justify;\">Im Programm der Robert Bosch Stiftung\u00a0 &#8222;Integration junger Migranten haben wir erfolgreich das Projekt &#8222;Vorbereitung auf die ECDL European Computer Driving License&#8220; umgesetzt.<\/p>\n<p style=\"text-align: justify;\">Beteiligung mit 3 anderen MSO am Pilotprojekt &#8222;Interkulturelle Kompetenzbildung in deutschen Kommunen Zusammenarbeit mit Diasporen\u201c\u00a0 InWEnt (Internationale Weiterbildung und Entwicklung gGmbH).<\/p>\n<p style=\"text-align: justify;\">Im Rahmen des niedrigschwelligen Integrationsvorhabens &#8222;MSO als Akteure in der Bildungsarbeit (Integrationsagentur Evang. Gem.) organisierten wir seit 3 Jahren den Kurs\u00a0 &#8222;Sport f\u00fcr Frauen und Kinder.&#8220; sowie den Kunstkurs \u201cMal doch mal\u201c.<\/p>\n<p style=\"text-align: justify;\">F\u00fcr die Projektphase 2016\/2017 hat unsere Verein erfolgreich umfangreiche Projektmittel in der MSO Landesf\u00f6rderung f\u00fcr unsere Projekt &#8222;Natur, Kultur, Geschichte sind unsere gemeinsame Basis&#8220; eingeworben, wo zahlreiche Aktivti\u00e4ten gemeinsam mit den Fl\u00fcchtlingen umgesetzt werden.<\/p>\n<p style=\"text-align: justify;\">Dar\u00fcber hinaus verfolgen wir in unserer eigenen Vereinsarbeit vielf\u00e4ltige Aktivit\u00e4ten im Bereich der Kultur und des Sportes: j\u00e4hrliche Veranstaltungen des Vereins zum Internationalen Frauentag\/ Gedenktage zum Gasangriff auf Halabja 1986 im Caf\u00e9 International der Evang Gemeinde zu D\u00fcren.<\/p>\n<p style=\"text-align: justify;\">Ein gro\u00dfes Theaterst\u00fcck, die Tragik-Kom\u00f6die\u00a0\u201cFatima und Rulla\u201c wurde\u00a0 erfolgreich im Caf\u00e9 International aufgef\u00fchrt und von einem gro\u00dfen Publikum beklatscht und beweint.<\/p>\n<p>(vgl. die Webseite <a href=\"http:\/\/www.integra-netz.de\/news\/iksk-e-v-bericht-zum-opferfest-im-cafe-international.html\">http:\/\/www.integra-netz.de\/news\/iksk-e-v-bericht-zum-opferfest-im-cafe-international.html)<\/a><\/p>\n\n\n<div class=\"wp-block-file\"><a href=\"http:\/\/integra-netz.de\/verein\/irakisch-kurdischer-sport-und-kulturverein\/wp-content\/uploads\/sites\/16\/2021\/02\/Projekterfahrung.pdf\" class=\"mtli_attachment mtli_pdf\">Projekterfahrung<\/a><a href=\"http:\/\/integra-netz.de\/verein\/irakisch-kurdischer-sport-und-kulturverein\/wp-content\/uploads\/sites\/16\/2021\/02\/Projekterfahrung.pdf\" class=\"mtli_attachment mtli_pdf\" class=\"wp-block-file__button\" download>Herunterladen<\/a><\/div>\n\n\n\n<p><\/p>\n","protected":false},"excerpt":{"rendered":"<p>Unser Verein hat seit seiner Gr\u00fcndung am 28.01.2007 eine Vielzahl von Projekten durchgef\u00fchrt. Kooperationspartner waren die Integrationsagentur der\u00a0 Evang. Gemeinde zu D\u00fcren (Winfried Simon, Tel. 02421 -188 184)\/ die ehemalige \u00a0Integrationsbeauftragte des Kreises Duren (Sybille Hau\u00dfmann, Tel 02421\/221433\/heute Kommunales Integrationszentrum KI) und der skf\/JMD Duren (Gaby Uerlichs, Tel.: 02421 \u2014 28430). Im Rahmen des Komm-In &hellip; <\/p>\n<p class=\"link-more\"><a href=\"http:\/\/integra-netz.de\/verein\/irakisch-kurdischer-sport-und-kulturverein\/geschichte\/\" class=\"more-link\"><span class=\"screen-reader-text\">\u201eGeschichte\u201c<\/span> weiterlesen<\/a><\/p>\n","protected":false},"author":1,"featured_media":0,"parent":0,"menu_order":0,"comment_status":"closed","ping_status":"closed","template":"","meta":{"footnotes":""},"class_list":["post-131","page","type-page","status-publish","hentry"],"_links":{"self":[{"href":"http:\/\/integra-netz.de\/verein\/irakisch-kurdischer-sport-und-kulturverein\/wp-json\/wp\/v2\/pages\/131","targetHints":{"allow":["GET"]}}],"collection":[{"href":"http:\/\/integra-netz.de\/verein\/irakisch-kurdischer-sport-und-kulturverein\/wp-json\/wp\/v2\/pages"}],"about":[{"href":"http:\/\/integra-netz.de\/verein\/irakisch-kurdischer-sport-und-kulturverein\/wp-json\/wp\/v2\/types\/page"}],"author":[{"embeddable":true,"href":"http:\/\/integra-netz.de\/verein\/irakisch-kurdischer-sport-und-kulturverein\/wp-json\/wp\/v2\/users\/1"}],"replies":[{"embeddable":true,"href":"http:\/\/integra-netz.de\/verein\/irakisch-kurdischer-sport-und-kulturverein\/wp-json\/wp\/v2\/comments?post=131"}],"version-history":[{"count":11,"href":"http:\/\/integra-netz.de\/verein\/irakisch-kurdischer-sport-und-kulturverein\/wp-json\/wp\/v2\/pages\/131\/revisions"}],"predecessor-version":[{"id":1659,"href":"http:\/\/integra-netz.de\/verein\/irakisch-kurdischer-sport-und-kulturverein\/wp-json\/wp\/v2\/pages\/131\/revisions\/1659"}],"wp:attachment":[{"href":"http:\/\/integra-netz.de\/verein\/irakisch-kurdischer-sport-und-kulturverein\/wp-json\/wp\/v2\/media?parent=131"}],"curies":[{"name":"wp","href":"https:\/\/api.w.org\/{rel}","templated":true}]}}