{"id":14,"date":"2014-04-07T15:55:47","date_gmt":"2014-04-07T13:55:47","guid":{"rendered":"http:\/\/integra-netz.de\/verein\/ideal-bildungsverein\/?page_id=14"},"modified":"2014-04-08T13:00:32","modified_gmt":"2014-04-08T11:00:32","slug":"kontakt","status":"publish","type":"page","link":"http:\/\/integra-netz.de\/verein\/ideal-bildungsverein\/kontakt\/","title":{"rendered":"Kontakt"},"content":{"rendered":"<p><b>Adresse<\/b>: Wirtelstr. 32, 52349 D\u00fcren<br \/>\n<b>Ansprechpartner\/in<\/b>: Erol G\u00fcnd\u00fcz f\u00fcr Web, Basir Jahwer- Gesch\u00e4ftsf\u00fchrung<br \/>\n<b>Telefon<\/b>: 02421 &#8211; 209542<br \/>\n<b>E-Mail\/Homepage<\/b>: <a href=\"mailto:info@idealbildungsverein.de\">info@idealbildungsverein.de<\/a> \/\u00a0 \u00a0 \u00a0\u00a0 <a href=\"http:\/\/www.idealbildungsverein.de\/\">www.idealbildungsverein.de<\/a><\/p>\n<p><a href=\"mailto:alba_e.v.hamithalili@hotmail.de\"><br \/>\n<\/a><\/p>\n","protected":false},"excerpt":{"rendered":"<p>Adresse: Wirtelstr. 32, 52349 D\u00fcren Ansprechpartner\/in: Erol G\u00fcnd\u00fcz f\u00fcr Web, Basir Jahwer- Gesch\u00e4ftsf\u00fchrung Telefon: 02421 &#8211; 209542 E-Mail\/Homepage: info@idealbildungsverein.de \/\u00a0 \u00a0 \u00a0\u00a0 www.idealbildungsverein.de<\/p>\n","protected":false},"author":1,"featured_media":0,"parent":0,"menu_order":0,"comment_status":"closed","ping_status":"closed","template":"","meta":{"footnotes":""},"class_list":["post-14","page","type-page","status-publish","hentry"],"_links":{"self":[{"href":"http:\/\/integra-netz.de\/verein\/ideal-bildungsverein\/wp-json\/wp\/v2\/pages\/14","targetHints":{"allow":["GET"]}}],"collection":[{"href":"http:\/\/integra-netz.de\/verein\/ideal-bildungsverein\/wp-json\/wp\/v2\/pages"}],"about":[{"href":"http:\/\/integra-netz.de\/verein\/ideal-bildungsverein\/wp-json\/wp\/v2\/types\/page"}],"author":[{"embeddable":true,"href":"http:\/\/integra-netz.de\/verein\/ideal-bildungsverein\/wp-json\/wp\/v2\/users\/1"}],"replies":[{"embeddable":true,"href":"http:\/\/integra-netz.de\/verein\/ideal-bildungsverein\/wp-json\/wp\/v2\/comments?post=14"}],"version-history":[{"count":4,"href":"http:\/\/integra-netz.de\/verein\/ideal-bildungsverein\/wp-json\/wp\/v2\/pages\/14\/revisions"}],"predecessor-version":[{"id":36,"href":"http:\/\/integra-netz.de\/verein\/ideal-bildungsverein\/wp-json\/wp\/v2\/pages\/14\/revisions\/36"}],"wp:attachment":[{"href":"http:\/\/integra-netz.de\/verein\/ideal-bildungsverein\/wp-json\/wp\/v2\/media?parent=14"}],"curies":[{"name":"wp","href":"https:\/\/api.w.org\/{rel}","templated":true}]}}