{"id":297,"date":"2021-02-10T22:33:12","date_gmt":"2021-02-10T21:33:12","guid":{"rendered":"http:\/\/integra-netz.de\/verein\/dachverbandmigrantenselbstorganisationenduerenev\/?page_id=297"},"modified":"2021-02-11T01:34:25","modified_gmt":"2021-02-11T00:34:25","slug":"besuch-von-staatssekretaerin-serap-gueler-am-07-11-2017","status":"publish","type":"page","link":"http:\/\/integra-netz.de\/verein\/dachverbandmigrantenselbstorganisationenduerenev\/besuch-von-staatssekretaerin-serap-gueler-am-07-11-2017\/","title":{"rendered":"Besuch von Staatssekret\u00e4rin Serap G\u00fcler, 07.11.2017"},"content":{"rendered":"\n<p>s.  &#8222;Was ist los im Kreis D\u00fcren&#8220; <\/p>\n\n\n\n<h3 class=\"wp-block-heading\"><strong>Ein Traum gewinnt Gestalt!<\/strong><\/h3>\n\n\n\n<p>Sechs MSO Migrantenselbstorganisationen m\u00f6chten ein eigenes Integrationszentrum in der D\u00fcrener Innenstadt aufbauen.<\/p>\n\n\n\n<p><a href=\"https:\/\/www.integra-netz.de\/event\/staatssekretaerin-serap-gueler-besucht-mso.html\">Staatssekret\u00e4rin Serap G\u00fcler besucht MSO aus dem Kreis D\u00fcren &#8211; Integra-Netz | Die Welt zu Hause in Kreis D\u00fcren (integra-netz.de)<\/a><\/p>\n\n\n\n<p><\/p>\n","protected":false},"excerpt":{"rendered":"<p>s. &#8222;Was ist los im Kreis D\u00fcren&#8220; Ein Traum gewinnt Gestalt! Sechs MSO Migrantenselbstorganisationen m\u00f6chten ein eigenes Integrationszentrum in der D\u00fcrener Innenstadt aufbauen. Staatssekret\u00e4rin Serap G\u00fcler besucht MSO aus dem Kreis D\u00fcren &#8211; Integra-Netz | Die Welt zu Hause in Kreis D\u00fcren (integra-netz.de)<\/p>\n","protected":false},"author":35,"featured_media":0,"parent":0,"menu_order":0,"comment_status":"closed","ping_status":"closed","template":"","meta":{"footnotes":""},"class_list":["post-297","page","type-page","status-publish","hentry"],"_links":{"self":[{"href":"http:\/\/integra-netz.de\/verein\/dachverbandmigrantenselbstorganisationenduerenev\/wp-json\/wp\/v2\/pages\/297","targetHints":{"allow":["GET"]}}],"collection":[{"href":"http:\/\/integra-netz.de\/verein\/dachverbandmigrantenselbstorganisationenduerenev\/wp-json\/wp\/v2\/pages"}],"about":[{"href":"http:\/\/integra-netz.de\/verein\/dachverbandmigrantenselbstorganisationenduerenev\/wp-json\/wp\/v2\/types\/page"}],"author":[{"embeddable":true,"href":"http:\/\/integra-netz.de\/verein\/dachverbandmigrantenselbstorganisationenduerenev\/wp-json\/wp\/v2\/users\/35"}],"replies":[{"embeddable":true,"href":"http:\/\/integra-netz.de\/verein\/dachverbandmigrantenselbstorganisationenduerenev\/wp-json\/wp\/v2\/comments?post=297"}],"version-history":[{"count":4,"href":"http:\/\/integra-netz.de\/verein\/dachverbandmigrantenselbstorganisationenduerenev\/wp-json\/wp\/v2\/pages\/297\/revisions"}],"predecessor-version":[{"id":331,"href":"http:\/\/integra-netz.de\/verein\/dachverbandmigrantenselbstorganisationenduerenev\/wp-json\/wp\/v2\/pages\/297\/revisions\/331"}],"wp:attachment":[{"href":"http:\/\/integra-netz.de\/verein\/dachverbandmigrantenselbstorganisationenduerenev\/wp-json\/wp\/v2\/media?parent=297"}],"curies":[{"name":"wp","href":"https:\/\/api.w.org\/{rel}","templated":true}]}}